) = j**3 + 4*j**2 - j - 3. Give m(f).
1
Let f(t) = -t**2 - 4*t - 5. Let v(q) = 4*q**2 + 20*q + 26. Let n(a) = -16*f(a) - 3*v(a). Determine n(-2).
10
Let q(f) = 5*f - 1. Suppose 0 = 4*p - 0*p - 16, 3*i + 5*p = 32. Let j(b) = -2*b - 1 + b + i*b. Let y(m) = -7*j(m) + 4*q(m). Calculate y(4).
-1
Let u(t) = 3*t**2 - t**3 + 4*t**2 - 4*t**2 + 2*t + 4. Let g be u(4). Let z be 4*(1 + 9/g). Let q(p) = p**3 + 5*p**2 - 2*p - 7. Determine q(z).
3
Let r(a) = 7*a - 9*a**3 + 6*a**2 - 7 - 8*a + 10*a**3. Give r(-6).
-1
Let r(m) = 2*m - 6 - 8 + 3*m. Let p(o) = 9*o - 27. Let z(a) = 6*p(a) - 11*r(a). Let w(t) = t - 5. Let j be w(5). Calculate z(j).
-8
Suppose -v + 9 = -4*v. Let d = 4 + -2. Let b(x) = x + x**d - x + x. Determine b(v).
6
Let k(j) be the first derivative of 1/24*j**4 + 2 + 2*j**2 - 2/3*j**3 + 0*j. Let t(s) be the second derivative of k(s). Give t(4).
0
Let p(o) = -2*o - 3. Suppose -21 = 4*q + 3. Give p(q).
9
Let m(n) = -n**3 - 5*n**2 - 5*n - 3. Let a(p) = -p**3 + 11*p**2 + p - 15. Let i be -10 + 1 + 4 + -7. Let t = i - -23. Let c be a(t). What is m(c)?
1
Let a be (18/(-8))/((-3)/8). Let z(j) be the third derivative of 1/15*j**5 - 1/120*j**a - 2*j**2 + 0 + 1/6*j**4 + 0*j + 5/6*j**3. Give z(5).
0
Let t(v) = v**3 + 5*v**2 + 4*v + 4. Let g = 29 - 50. Let n = g - -17. Calculate t(n).
4
Let g(y) = y. Let x(i) = 7*i - 4*i + 8*i. Let n(p) = -5*g(p) + x(p). Calculate n(-1).
-6
Let v(q) = 10*q + 13. Let o be v(-2). Let l(d) = 2*d - 7. Determine l(o).
-21
Suppose 5*a - 2*a - h - 11 = 0, 5*a - 4*h = 9. Let w(n) = -2 + 2 + n - a. What is w(6)?
1
Let o = 1 - -1. Suppose -2*g = g + 9. Let s = o + g. Let i(k) = 2*k + 1. Calculate i(s).
-1
Let j(m) = -m + 10. Suppose 4*d = s + 10 + 2, -5*d = -3*s - 15. What is j(s)?
10
Let d(c) be the first derivative of -c**3/3 - 3*c**2/2 + c - 11. Determine d(-3).
1
Let s(i) = -i. Let y(j) = -j**2 + 4*j. Let m(h) = -3*s(h) - y(h). Give m(0).
0
Let v be 1/(-2)*(-10 + 14). Let p(k) be the third derivative of -k**6/120 - k**5/20 - k**4/6 - k**3/3 + k**2. Give p(v).
2
Let l = -340 - -345. Let n(k) = -5*k + k + 1 + 5*k. What is n(l)?
6
Let o(d) be the third derivative of 3*d**2 + 1/60*d**5 + 0 + 5/6*d**3 - 1/24*d**4 + 0*d. Let z be o(0). Let a(w) = -w - 3. Determine a(z).
-8
Let s(b) = 2 + 178*b + 2 - 176*b. Determine s(-5).
-6
Let s = -4 - -2. Let q be (-3)/((4 - 2)/s). Let p(x) = -3 + 0 + 2*x + x - 4*x. Determine p(q).
-6
Suppose 5*s - 21 = -3*y + 7, -s = -2. Let i(q) = -q**2 - 1. Let j(h) = -7*h**2 + 7*h - 11. Let n(v) = -6*i(v) + j(v). Give n(y).
1
Let h be ((-4)/(-3))/(2/6). Let u(k) be the second derivative of -k**5/20 + k**4/4 + 7*k**3/6 - 3*k**2 - 20*k. Determine u(h).
6
Suppose 4*u + 12 = u. Let z(q) be the second derivative of 0 + 2*q - 1/6*q**3 - 7/2*q**2. Give z(u).
-3
Let t = 14 - 11. Let v(d) = -7*d**3 + 3*d**t + 3*d**3. Give v(2).
-8
Let a(n) = 13*n - 3. Let v(t) = -38*t + 8. Let w(c) = 11*a(c) + 4*v(c). What is w(3)?
-28
Let l(p) be the third derivative of p**5/60 - 5*p**4/24 - 2*p**3/3 - 7*p**2 - 4. What is l(4)?
-8
Let t(c) = -4*c - 6. Let d(k) = 9*k + 12. Let f(b) = 3*d(b) + 7*t(b). Suppose -w = w + 4*s - 28, 3*w = -s + 27. Let l = w + -13. Determine f(l).
-1
Let x(t) = -2*t - 9. Let j(v) = -v**2 + 14*v - 30. Let l be j(12). Give x(l).
3
Let l(k) = k**2 - k - 1. Let g(o) = 3*o**3 + o**2 + 2*o + 2. Let u be g(-1). Determine l(u).
5
Let h(m) be the first derivative of -2*m**3/3 + m**2/2 - 43. Determine h(-2).
-10
Let d(i) = -i**3 + i**2 - 1. Let z(u) = u**3 + u**2 - u + 5. Let a(h) = -3*d(h) - z(h). Determine a(3).
19
Let y be (-12)/30 - 23/5. Let l(j) = -6*j - 3. What is l(y)?
27
Let d(p) be the third derivative of -p**5/60 - p**4/8 + p**2. Let r be 2 + (-2 - 2) + 20. Let n be (r/12)/((-3)/6). Calculate d(n).
0
Let w(n) be the second derivative of -n**5/20 - n**4/4 + n**3 + n**2 + 33*n. Calculate w(-4).
-6
Suppose -12 = 4*w, -y + 3*w = y - 27. Let t(k) = -2*k + y - 3*k - 18. Let j(b) = 6*b + 10. Let l(o) = -6*j(o) - 7*t(o). Determine l(0).
3
Let k be 4/6*(-1 + 10). Let i(p) be the second derivative of -p**3/3 + 5*p**2/2 - 38*p - 1. What is i(k)?
-7
Let m(h) = 2*h**2 - 4*h + 2. Let l(r) = -r + 16. Let s be l(14). What is m(s)?
2
Let u(f) = f**2 + 8*f - 4. Let d(x) = -x**2 - 2*x - 4. Let z be d(-3). What is u(z)?
-11
Let z(v) = -17 + 25 - 9 - 8*v. What is z(-1)?
7
Let x(h) = h**2 - 4*h - 3. Let m = 8 + -6. Suppose o + o = m*c - 6, -o + 5*c - 15 = 0. Suppose -2*f - 7 = -t, o = 4*t + t + 4*f - 21. Calculate x(t).
2
Let i(v) = -v**2 + 6*v + 5. Let b(f) = 2*f**2 - 13*f - 11. Let x(k) = -4*b(k) - 9*i(k). Give x(4).
7
Let v(s) be the first derivative of -16*s**3/3 + s + 2. Calculate v(-1).
-15
Suppose 4*n + 5*k - 43 = 0, -2*k - 6 - 16 = -4*n. Let p(d) = -d**3 + 6*d**2 + 8*d - 5. Calculate p(n).
2
Let r be (18/(-2))/(-1) + 0. Let n(h) = -h + r*h - 10*h. Give n(-1).
2
Let f(z) be the second derivative of z**5/20 - z**4/2 + z**2/2 + z. Calculate f(6).
1
Let i(s) be the first derivative of 15*s**4/4 + 17*s**2/2 + 13*s + 6. Let r(b) = -4*b**3 - 4*b - 3. Let w(d) = 2*i(d) + 9*r(d). Give w(-1).
7
Let c(v) be the first derivative of -v**2/2 - 3. Let f = 1 - -4. Calculate c(f).
-5
Let g(i) = 1 - 4*i**3 - 3*i**2 + i + 3*i**3 + i. Let m be 12*(-7)/(84/9). Let o be (3 + m)*1/2. What is g(o)?
-5
Let k(w) = -2*w**2 - 4*w + 2. Suppose -5*x - u = 3*u + 4, -36 = 5*x - 4*u. Determine k(x).
-14
Let t(k) = k**2 + 6*k + 2. Let u(r) = -r**3 + 7*r**2 + 8*r - 8. Let b be u(8). Let x(f) = -f**3 - 8*f**2 - f - 5. Let q be x(b). Suppose -q = d + 2. Give t(d).
-3
Suppose 2*c + c - 6*c = 0. Let v(z) = -z**2 - z - 5. Determine v(c).
-5
Let u = 3 - 3. Suppose -3*k = u, 3*g + k = -11 + 2. Let f(w) = 2*w**3 - 4*w**2 - 4*w**3 + w**3 - 2*w. What is f(g)?
-3
Let t(m) be the second derivative of m**3/2 + m**2/2 - m. Let q(o) = -3*o + 1 - 3 + 0*o. Let p(s) = 2*q(s) + 3*t(s). Calculate p(-2).
-7
Let q(a) = -a**3 + 4*a**2 - 2*a - 8. Let s(w) = -w**3 + 4*w**2 - w - 7. Let x(g) = -6*q(g) + 7*s(g). What is x(5)?
-1
Suppose 0 = 4*i - 1 - 15. Let p(n) be the second derivative of -n**4/12 + 5*n**3/6 - 3*n. Determine p(i).
4
Suppose -3*k + 0*k = 0. Let l(w) = -2*w + 2*w + 2*w + k - 4. Calculate l(6).
8
Let o be 7 + 0 - (9 + -6). Let v(d) = o*d - 1 - 1 - 1 + d**2 + 6. Let m = 1 - 3. Give v(m).
-1
Let j(p) = 3 - p - 3*p - 6 - p**3 - 5*p**2. Calculate j(-4).
-3
Let h(l) be the third derivative of l**5/60 - l**4/6 - 5*l**3/6 - 9*l**2. What is h(6)?
7
Let j(y) = -y + 2. Suppose 0 = -4*k + k + 12. Calculate j(k).
-2
Let n = 6 - 4. Suppose -4*k - 12 = 0, -n*k = i + k + 5. Let p(t) = -3*t + 2*t - t - i. Give p(-3).
2
Let w(l) = -2*l**2 + 4*l + 1. Let a = 21 + -18. Determine w(a).
-5
Let y(v) = -v**2 - 9*v - 10. Let w = -13 - -6. Give y(w).
4
Let b be (0 + -1)/((-14)/42). Let c(q) = 24*q. Let y(a) = -a. Let w(h) = -c(h) - 20*y(h). Let v(g) = -7*g. Let p(u) = 3*v(u) - 5*w(u). Give p(b).
-3
Suppose -2 - 13 = 2*j + 3*k, 0 = -5*k - 25. Suppose 0*x + 5*v + 13 = -4*x, 2*x - 4*v = j. Let b = -1 - x. Let o(p) = -3*p**2. What is o(b)?
-3
Let p(n) be the third derivative of 7/24*n**4 + 0*n + 1/3*n**3 + 1/60*n**5 - n**2 + 0. What is p(-4)?
-10
Suppose 12 = -3*n, 5*u + 2*n - 71 = 6*n. Let v(f) = 6*f - u + 1 - f + f**2. Determine v(-7).
4
Let j(n) = -4*n - 9. Let m(r) = -4*r - 10. Let d(u) = -3*j(u) + 2*m(u). What is d(-8)?
-25
Let d(a) = a - 5. Let u be d(4). Let l(g) = -2 + g**2 + 2 - 1. Give l(u).
0
Let i be -4*1/(-2) + -7. Let w(n) = -9 + 4*n + 3 + 0*n**2 + n**2 + 5. Determine w(i).
4
Suppose 8 = -4*i, -5*s + 67 = i + 3*i. Suppose 3*u - s = 8*u. Let h(k) = k**3 + 3*k**2 - k. Calculate h(u).
3
Suppose 3*p - 30 = -2*p. Let j(s) = -3*s + 4*s - p - 3*s. Calculate j(-4).
2
Let o(q) be the second derivative of -q**4/12 + q**3/3 + q**2/2 - 2*q - 19. Give o(4).
-7
Let l(c) = c**3 + 6*c**2 - 1. Let g be 10*-1*(-3)/(-6). Let q(b) = -b - 11. Let t be q(g). Determine l(t).
-1
Let v(l) = 1 + l - 4*l + 2*l. Suppose 3*h = -5*n - 8, -h + 4*n - 2 = 12. Let o = 1 + h. What is v(o)?
6
Let h(n) be the first derivative of n**6/120 + 7*n**5/60 + n**4/4 + 3*n**3/2 + 2*n**2 + 5. Let f(i) be the second derivative of h(i). Determine f(-6).
9
Let p(s) = s + 3. Let y(i) = i + 1. Let z be y(-9). Determine p(z).
-5
Let p(k) = -10*k**3 + k**2 + 2*k + 1. Let l(o) = 2*o**2 - 11*o + 4. Let w be l(5). Determine p(w).
10
